y 344.
343
What is the remainder when 204 is divided by 175?
29
Calculate the remainder when 336 is divided by 9.
3
What is the remainder when 3295 is divided by 32?
31
Calculate the remainder when 60 is divided by 31.
29
What is the remainder when 170 is divided by 15?
5
Calculate the remainder when 2943 is divided by 92.
91
What is the remainder when 359 is divided by 20?
19
Calculate the remainder when 1091 is divided by 182.
181
What is the remainder when 466 is divided by 26?
24
What is the remainder when 1815 is divided by 151?
3
Calculate the remainder when 131 is divided by 33.
32
What is the remainder when 525 is divided by 16?
13
What is the remainder when 335 is divided by 156?
23
What is the remainder when 6 is divided by 2?
0
What is the remainder when 508 is divided by 133?
109
Calculate the remainder when 5791 is divided by 105.
16
Calculate the remainder when 317 is divided by 29.
27
What is the remainder when 964 is divided by 42?
40
What is the remainder when 2917 is divided by 4?
1
Calculate the remainder when 208 is divided by 99.
10
What is the remainder when 11 is divided by 4?
3
What is the remainder when 173 is divided by 40?
13
What is the remainder when 11447 is divided by 36?
35
Calculate the remainder when 252 is divided by 22.
10
What is the remainder when 2779 is divided by 3?
1
What is the remainder when 320 is divided by 235?
85
What is the remainder when 516 is divided by 169?
9
Calculate the remainder when 437 is divided by 20.
17
What is the remainder when 251 is divided by 28?
27
What is the remainder when 19 is divided by 4?
3
Calculate the remainder when 84 is divided by 4.
0
Calculate the remainder when 521 is divided by 148.
77
Calculate the remainder when 103 is divided by 50.
3
What is the remainder when 253 is divided by 174?
79
What is the remainder when 4735 is divided by 182?
3
What is the remainder when 942 is divided by 35?
32
Calculate the remainder when 3583 is divided by 4.
3
Calculate the remainder when 10717 is divided by 31.
22
What is the remainder when 28919 is divided by 40?
39
Calculate the remainder when 60 is divided by 17.
9
What is the remainder when 135 is divided by 59?
17
What is the remainder when 973 is divided by 24?
13
Calculate the remainder when 47 is divided by 20.
7
Calculate the remainder when 866 is divided by 222.
200
Calculate the remainder when 387 is divided by 65.
62
What is the remainder when 2547 is divided by 44?
39
Calculate the remainder when 7989 is divided by 72.
69
What is the remainder when 148 is divided by 84?
64
Calculate the remainder when 2779 is divided by 47.
6
What is the remainder when 56 is divided by 22?
12
What is the remainder when 13767 is divided by 162?
159
Calculate the remainder when 9104 is divided by 69.
65
Calculate the remainder when 1724 is divided by 115.
114
What is the remainder when 150 is divided by 30?
0
What is the remainder when 58 is divided by 27?
4
Calculate the remainder when 279 is divided by 58.
47
What is the remainder when 9193 is divided by 242?
239
Calculate the remainder when 94 is divided by 27.
13
What is the remainder when 249 is divided by 135?
114
Calculate the remainder when 152 is divided by 75.
2
What is the remainder when 569 is divided by 57?
56
What is the remainder when 106 is divided by 9?
7
Calculate the remainder when 131 is divided by 17.
12
What is the remainder when 839 is divided by 35?
34
What is the remainder when 923 is divided by 12?
11
What is the remainder when 131 is divided by 11?
10
Calculate the remainder when 392 is divided by 87.
44
What is the remainder when 228 is divided by 24?
12
What is the remainder when 140 is divided by 37?
29
Calculate the remainder when 111 is divided by 107.
4
What is the remainder when 294 is divided by 25?
19
What is the remainder when 6602 is divided by 28?
22
What is the remainder when 2853 is divided by 24?
21
Calculate the remainder when 370 is divided by 34.
30
Calculate the remainder when 602 is divided by 4.
2
Calculate the remainder when 142 is divided by 32.
14
Calculate the remainder when 311 is divided by 63.
59
What is the remainder when 1492 is divided by 18?
16
What is the remainder when 17 is divided by 5?
2
Calculate the remainder when 870 is divided by 19.
15
What is the remainder when 207 is divided by 31?
21
Calculate the remainder when 273 is divided by 50.
23
Calculate the remainder when 1695 is divided by 564.
3
What is the remainder when 34966 is divided by 17?
14
What is the remainder when 129 is divided by 65?
64
What is the remainder when 349 is divided by 21?
13
Calculate the remainder when 101 is divided by 2.
1
What is the remainder when 349 is divided by 150?
49
Calculate the remainder when 132 is divided by 41.
9
What is the remainder when 356 is divided by 30?
26
Calculate the remainder when 195 is divided by 42.
27
Calculate the remainder when 3478 is divided by 71.
70
What is the remainder when 336 is divided by 52?
24
What is the remainder when 118 is divided by 6?
4
What is the remainder when 889 is divided by 50?
39
What is the remainder when 312 is divided by 105?
102
Calculate the remainder when 479 is divided by 11.
6
Calculate the remainder when 710 is divided by 35.
10
What is the remainder when 3262 is divided by 33?
28
Calculate the remainder when 9106 is divided by 10.
6
What is the remainder when 415 is divided by 404?
11
Calculate the remainder when 139 is divided by 61.
17
What is the remainder when 958 is divided by 32?
30
What is the remainder when 1551 is divided by 87?
72
What is the remainder when 210 is divided by 5?
0
What is the remainder when 85 is divided by 3?
1
What is the remainder when 1224 is divided by 25?
24
Calculate the remainder when 44243 is divided by 12.
11
Calculate the remainder when 50 is divided by 31.
19
What is the remainder when 476 is divided by 53?
52
What is the remainder when 319 is divided by 96?
31
What is the remainder when 173 is divided by 46?
35
What is the remainder when 7475 is divided by 2488?
11
What is the remainder when 210 is divided by 18?
12
What is the remainder when 1039 is divided by 26?
25
Calculate the remainder when 479 is divided by 12.
11
Calculate the remainder when 390 is divided by 53.
19
What is the remainder when 399 is divided by 69?
54
Calculate the remainder when 1618 is divided by 12.
10
What is the remainder when 56 is divided by 38?
18
Calculate the remainder when 802 is divided by 66.
10
What is the remainder when 724 is divided by 75?
49
Calculate the remainder when 788 is divided by 72.
68
What is the remainder when 357 is divided by 91?
84
What is the remainder when 72 is divided by 26?
20
Calculate the remainder when 502 is divided by 84.
82
Calculate the remainder when 224 is divided by 51.
20
Calculate the remainder when 93 is divided by 21.
9
What is the remainder when 1243 is divided by 107?
66
What is the remainder when 2668 is divided by 99?
94
What is the remainder when 2207 is divided by 221?
218
What is the remainder when 1766 is divided by 25?
16
Calculate the remainder when 130 is divided by 73.
57
What is the remainder when 3854 is divided by 427?
11
What is the remainder when 151 is divided by 8?
7
What is the remainder when 675 is divided by 68?
63
Calculate the remainder when 1328 is divided by 14.
12
Calculate the remainder when 133 is divided by 23.
18
What is the remainder when 740 is divided by 109?
86
What is the remainder when 885 is divided by 436?
13
What is the remainder when 27 is divided by 7?
6
What is the remainder when 490 is divided by 170?
150
What is the remainder when 26 is divided by 18?
8
Calculate the remainder when 142 is divided by 21.
16
What is the remainder when 338 is divided by 20?
18
Calculate the remainder when 2076 is divided by 330.
96
Calculate the remainder when 15 is divided by 3.
0
Calculate the remainder when 38 is divided by 11.
5
What is the remainder when 88 is divided by 34?
20
Calculate the remainder when 296 is divided by 49.
2
What is the remainder when 228 is divided by 107?
14
What is the remainder when 338 is divided by 112?
2
What is the remainder when 221 is divided by 74?
73
What is the remainder when 88 is divided by 43?
2
Calculate the remainder when 3675 is divided